).
-352
Let b(w) = 2341*w - 14051. Give b(6).
-5
Let m(d) = d**2 + 19*d + 29. What is m(-3)?
-19
Let q(c) = c**3 - 100*c**2 - 106*c + 486. Determine q(101).
-19
Let i(a) = 2*a + 599. Determine i(-18).
563
Let j(l) = 3100*l - 24800. Determine j(8).
0
Let q(c) = -c**3 + 137*c**2 + 1162*c + 2. What is q(-8)?
-14
Let j(m) = -4*m**2 - 23*m + 154. What is j(7)?
-203
Let j(v) = -2*v**3 - 450*v**2 - 496*v - 10751. Calculate j(-224).
1
Let y(k) = -k**2 - 41*k - 466. Calculate y(-24).
-58
Let i(s) = 1690*s + 20273. What is i(-12)?
-7
Let u(g) = -10*g + 431. What is u(43)?
1
Let i(r) = -2*r**2 - 78*r + 158. What is i(-41)?
-6
Let h(t) = -44*t**2 + 276*t - 29. Calculate h(6).
43
Let o(j) = -281*j + 555. What is o(0)?
555
Let g(u) = -3442*u - 24099. What is g(-7)?
-5
Let r(j) = 546*j - 1136. Give r(2).
-44
Let g(v) = -2*v**3 - 3*v**2 + 54*v + 51. Calculate g(5).
-4
Let v(t) = 14*t**2 + 5*t - 5. Determine v(2).
61
Let c(h) = -h**3 - 36*h**2 - 105*h - 16. Determine c(-33).
182
Let f(b) = -2*b**2 + 86*b + 194. What is f(45)?
14
Let l(k) = 1396*k + 74017. Give l(-53).
29
Let x(j) = 3*j**2 + 15*j - 180. Give x(9).
198
Let p(q) = q**3 + 369*q**2 - 747*q - 1847. Determine p(-371).
8
Let z(j) = -j**3 - 163*j**2 - 634*j + 310. What is z(-159)?
-8
Let b(y) = -160*y + 592. Calculate b(4).
-48
Let a(o) = 3*o - 87. Determine a(46).
51
Let m(s) = 2*s**3 - 25*s**2 + 40*s + 43. Calculate m(10).
-57
Let l(p) = 5*p**2 - 23*p + 80. What is l(5)?
90
Let j(t) = t**3 - t**2 - t + 334. Give j(0).
334
Let z(f) = -5*f**3 + 178*f**2 + 79*f + 27. Give z(36).
279
Let s(w) = 7*w**2 - 2*w - 17. Calculate s(5).
148
Let v(q) = -54*q**3 - 2*q - 1. Give v(1).
-57
Let x(m) = m**3 - 29*m**2 + 155*m - 19. Give x(22).
3
Let j(y) = y**3 + 20*y**2 - 127*y - 52. Give j(-25).
-2
Let h(v) = -11*v**2 + 178*v - 187. What is h(15)?
8
Let c(q) = -q**3 + 23*q**2 - 33*q + 18. Give c(22).
-224
Let y(a) = a**2 - 46*a - 23. Give y(0).
-23
Let j(r) = 146*r + 939. What is j(-6)?
63
Let c(h) = 8*h + 178. Determine c(-8).
114
Let x(n) = -n**3 - 7*n**2 - 4*n + 49. Calculate x(-7).
77
Let k(c) = -c**3 - 57*c**2 - 122*c - 659. Determine k(-55).
1
Let l(q) = 5*q - 398. Calculate l(-21).
-503
Let a(z) = -3*z**3 + 190*z**2 - 61*z - 122. What is a(63)?
4
Let x(z) = -z**3 - 94*z**2 + 109*z + 10251. Calculate x(-94).
5
Let a(b) = -29*b + 3556. What is a(123)?
-11
Let g(k) = -30*k**2 - 176*k + 39. What is g(-6)?
15
Let x(i) = 3*i**2 + 87*i + 87. Calculate x(-1).
3
Let d(b) = b**3 - 9*b**2 + 28*b - 8. Calculate d(6).
52
Let j(t) = 3*t**2 - 10*t + 11. Determine j(5).
36
Let x(f) = 8*f**2 + 1084*f + 1595. Determine x(-134).
-13
Let o(v) = -v**3 - 9*v**2 + 134*v + 17. Determine o(8).
1
Let c(t) = -2*t**2 + 35*t + 45. Calculate c(19).
-12
Let o(y) = 2*y**2 + 65*y + 355. What is o(-24)?
-53
Let h(q) = 356*q - 2853. Determine h(8).
-5
Let g(a) = a**2 + 22*a - 261. Give g(17).
402
Let k(x) = x**2 - 38*x + 376. Determine k(19).
15
Let o(u) = -12*u**2 - 82*u + 15. Give o(-7).
1
Let d(o) = -o**3 + 36*o**2 + 427*o + 208. Calculate d(-9).
10
Let r(x) = 3*x**3 - 12*x**2 - 22*x + 274. What is r(6)?
358
Let g(m) = 305*m**2 - 2742*m - 21. What is g(9)?
6
Let r(y) = 329*y + 1973. Determine r(-6).
-1
Let t(y) = -23*y - 1050. Give t(-46).
8
Let q(n) = -4*n**2 + 64*n - 171. Determine q(3).
-15
Let a(y) = 3*y**3 - 53*y**2 + 242*y - 124. Determine a(10).
-4
Let z(q) = -18*q**2 + 15*q - 51. Determine z(3).
-168
Let r(h) = 371*h - 2592. What is r(7)?
5
Let o(s) = -s**2 + 45*s + 323. Give o(51).
17
Let x(o) = -2*o**3 - 132*o**2 + 127*o - 464. Determine x(-67).
5
Let v(z) = -z**3 - 2*z**2 + 6*z - 48. Determine v(-6).
60
Let n(o) = -o**3 - 18*o**2 - 24*o - 76. Calculate n(-17).
43
Let z(o) = o**3 - 159*o**2 + 313*o + 157. Determine z(157).
0
Let g(c) = -18*c**2 + 154*c + 10. What is g(9)?
-62
Let z(o) = -2*o**3 - 54*o**2 - 139*o + 112. Determine z(-24).
-8
Let t(s) = -s**3 + 5*s**2 - 9*s + 1. What is t(2)?
-5
Let t(u) = -3*u**2 + 13*u - 18. Give t(5).
-28
Let o(u) = 59*u + 748. Calculate o(-13).
-19
Let f(g) = -14*g + 70. Determine f(-9).
196
Let a(k) = -1368*k - 23250. Calculate a(-17).
6
Let m(a) = -a**3 + 7*a**2 - 3*a - 3. Calculate m(6).
15
Let t(p) = 4*p**3 + 92*p**2 - 126*p - 2910. Determine t(-23).
-12
Let f(g) = -g**2 + 48*g + 308. Determine f(56).
-140
Let v(t) = 47*t + 512. Determine v(-11).
-5
Let o(w) = 5*w**2 + 62*w - 455. What is o(6)?
97
Let a(z) = 182*z + 8753. What is a(-48)?
17
Let x(l) = -6*l**2 + 161*l + 16682. Give x(-41).
-5
Let y(n) = -31*n + 287. Determine y(9).
8
Let c(l) = -6*l**3 + 134*l**2 - 275*l - 105. Give c(20).
-5
Let w(j) = -j**3 + 3*j**2 - 19*j + 25. What is w(2)?
-9
Let g(d) = -2208*d + 30912. Calculate g(14).
0
Let n(a) = 5*a**2 + 549*a - 5989. What is n(10)?
1
Let v(i) = 4*i**3 + 15*i**2 - 4*i. Give v(1).
15
Let p(r) = -59*r + 5488. What is p(93)?
1
Let m(y) = 23*y**3 - 6*y**2 - 11*y + 15. Calculate m(1).
21
Let i(j) = j**2 + 65*j + 295. What is i(-5)?
-5
Let n(z) = 1889*z + 13221. What is n(-7)?
-2
Let q(s) = -5*s**2 - 24*s + 11. Determine q(-5).
6
Let w(m) = -4*m**2 - 56*m - 337. Determine w(-7).
-141
Let t(m) = m**3 + 21*m**2 - 95*m - 1989. Calculate t(-21).
6
Let h(j) = -j**3 - 46*j**2 + 92*j - 187. Determine h(-48).
5
Let x(i) = 4*i**3 + 20*i**2 - 15*i - 75. Calculate x(-5).
0
Let q(t) = -3*t**2 - 93*t - 100. Give q(-29).
74
Let i(d) = -d**3 + 34*d**2 + 38*d + 1189. What is i(36)?
-35
Let r(z) = -z**2 + 292*z + 65703. What is r(-149)?
-6
Let r(s) = -51*s + 6861. What is r(134)?
27
Let p(w) = -468*w + 37911. Calculate p(81).
3
Let o(h) = -h**3 + 54*h**2 - 44*h - 179. Give o(53).
298
Let s(n) = -1873*n + 14994. What is s(8)?
10
Let x(b) = -574*b + 18947. What is x(33)?
5
Let q(d) = 311*d - 5602. Determine q(18).
-4
Let z(f) = f**3 - 52*f**2 + 98*f + 116. Give z(50).
16
Let n(d) = 16*d**2 - 1086*d - 91. Calculate n(68).
45
Let o(k) = 2*k**2 + 222*k + 435. Calculate o(-109).
-1
Let z(x) = x**3 + 34*x**2 + 245*x - 183. Give z(-12).
45
Let f(c) = c**2 - 63*c - 213. Give f(50).
-863
Let d(m) = 1801*m - 3606. What is d(2)?
-4
Let w(p) = -556*p + 11119. Give w(20).
-1
Let r(i) = -i**2 + 174*i + 4526. Calculate r(-23).
-5
Let j(u) = 1162*u - 3463. Give j(3).
23
Let b(w) = -9*w**2 + 8*w + 160. Determine b(-6).
-212
Let q(t) = t**2 + 20*t - 137. Give q(5).
-12
Let f(x) = 730*x + 56225. What is f(-77)?
15
Let b(j) = 494*j - 45977. Give b(93).
-35
Let q(d) = d**3 + 14*d**2 - 66*d + 79. What is q(-18)?
-29
Let g(n) = -n**3 + 10*n**2 - 8*n + 3. Determine g(4).
67
Let o(x) = 3783*x - 22689. Calculate o(6).
9
Let o(j) = 2*j**2 + 132*j - 3437. Calculate o(20).
3
Let p(x) = x**3 + 3*x**2 - 50*x + 43. Determine p(6).
67
Let r(o) = 3*o**3 + 108*o**2 - 482*o - 64. What is r(-40)?
16
Let r(b) = -1138*b - 6869. Calculate r(-6).
-41
Let v(y) = 7*y**2 - 267*y + 548. What is v(36)?
8
Let u(k) = k**2 - 26*k + 49. Determine u(2).
1
Let f(d) = -d**2 + 49*d + 3423. Give f(-39).
-9
Let a(g) = -112*g - 642. Determine a(-6).
30
Let u(n) = 4*n**2 + 8*n. Determine u(-4).
32
Let v(y) = -3*y + 5. Determine v(-16).
53
Let s(n) = 2622*n + 36703. What is s(-14)?
-5
Let p(i) = i**3 - 19*i**2 - 3*i + 40. Give p(19).
-17
Let l(b) = 3*b**2 + 39*b - 350. Determine l(-23).
340
Let t(i) = -36*i**2 + 1124*i - 254. Calculate t(31).
-6
Let b(v) = v**2 - 70*v + 1231. Calculate b(35).
6
Let s(g) = -2*g**3 - 19*g**2 + 22*g + 5. What is s(-10)?
-115
Let b(a) = 49*a**2 + 299*a + 40. Give b(-6).
10
Let q(l) = 2*l**2 - 12*l + 6. Give q(2).
-10
Let y(b) = -b**2 + 16*b + 383. Calculate y(-13).
6
Let m(a) = -5*a**2 + 898*a + 1250. What is m(181)?
-17
Let x(v) = -v**3 + 25*v**2 - 45*v - 806. What is x(21)?
13
Let r(t) = 2*t**2 + 8182*t + 73481. Give r(-9).
5
Let a(c) = -82*c + 113. Calculate a(3).
-133
Let l(j) = -j + 35. Calculate l(39).
-4
Let q(g) = -g**3 - 20*g**2 + 3*g + 28. Determine q(-21).
406
Let d(t) = 174*t - 6833. Determine d(39).
-47
Let n(f) = -3*f**2 - 49*f - 187. What is n(-8)?
13
Let q(u) = u**3 - 246*u**2 + 1437*u + 10. Give q(6).
-8
Let p(v) = 68*v + 3285. Calculate p(-53).
-319
Let u(i) = 480*i + 6728. Determine u(-14).
8
Let l(f) = 162*f - 6. Determine l(0).
-6
Let q(d) = -11*d - 69. Determine q(-11).
52
Let m(z) = -z**3 - 17*z**2 + 95*z - 55. Determine m(4).
-11
Let m(i) = 8*i**3 - 1313*i**2 + 166*i - 323. Give m(164).
5
Let t(q) = -2*q**3 +